culate -12 - (33 - (-20 - (-9 - 7) - 13)).
-62
6 + -1 + (-4 - ((-20 - -6) + -18))
33
What is the value of -15 - (61 - (-52 + 42))?
-86
Evaluate (-23 - -29) + (1 - -5 - 11) + (-2 - 63).
-64
Evaluate 78 - 174 - -34 - -102.
40
What is -1 + 0 - 34 - ((24 - 23 - 26) + 36)?
-46
What is (148 - 8 - 112) + 5 + 0?
33
What is (29 + -104 + 36 - -106) + -1 + 1?
67
(3 - -24) + 68 + (-58 - -5)
42
What is the value of 5 + -3 - (1 + 7) - (-38 - -83)?
-51
-51 + (-4 - -1) - (495 + -491)
-58
5 - (-53 - (22 - 29))
51
What is the value of 28 - (16 + -9 + 18) - (1 + -5)?
7
What is the value of (0 + 11 - ((1 - -15) + -10)) + (-23 - -82)?
64
What is the value of -5 - (-82 - (11 + (-4 - -2 - (11 - -2))))?
73
Calculate 4 - (5 + -5 + 41) - 4.
-41
Calculate (13 - (-21 + 55)) + (3 - 2).
-20
21 + (-43 - -21) + 6 + -32 + -1
-28
What is 46 + (-2 + -4 + 0 + -3 - -3) + 0?
40
6 + (14 - 23 - (-2 + 0 - 2))
1
What is 109 - 102 - (-2 + -38)?
47
What is the value of -55 + -2 + 6041 + -5941?
43
What is -77 + 28 - (7 + -19)?
-37
Calculate (0 - -22) + (20 - (-21 - -39)) - 9.
15
(17 - 15 - 4 - 50) + (8 - 8)
-52
What is the value of 62 + -94 + 18 + -25?
-39
Evaluate -8 - (15 + (-6 - 68)) - (0 - -11).
40
Evaluate 1 - (-2 - (18 - -69)) - -8.
98
(1 - 2) + 162 + -106
55
What is (1 - 31) + 6529 + -6483?
16
-25 + (29 - -15 - 31) + (-61 + -1 - 2)
-76
7 + 28 + -13 + 8 + -49
-19
What is (105 - 1) + (-166 - (-125 + -10))?
73
What is the value of ((2 - 4) + -31 + 44 - -56) + -19?
48
38 + (14 - (-39 + 61)) - (0 - 12)
42
What is 38 + (30 - (-17 + 49))?
36
Calculate 35 + -84 - (-2 + -7).
-40
Evaluate -10 - (71 - (-3 + (14 - 13) + 12 + -2)).
-73
What is (29 + -44 + (3 - -10) - -9) + -7?
0
Calculate (-28 + 57 - 37) + -46 + -1 + 6.
-49
86 + -144 + 141 + -39
44
What is 63 + (8 - 42 - -8)?
37
(-5 - (43 + 7)) + -283 + 250
-88
Evaluate 109 - (138 + (127 - 250)).
94
6 - (-8 - 1 - (-129 - -79))
-35
What is 4 + 1 + 2 + 4 - (-149 - -181)?
-21
What is -3 + (-27 + 13 - -3) - 6?
-20
Calculate 20 + -26 - (-30 - (-4 + 13)).
33
Evaluate 14 - (42 + -16) - 0 - (6 + 4).
-22
Evaluate 89 - (-52 + 7 + 118).
16
Calculate 0 + 4 + (-14 - 22) + 25 + (59 - 0).
52
-41 - (-65 - -23) - -31
32
-47 - (-5 + 58) - -60
-40
Calculate -24 - (-134 - (4 - (22 + 17))).
75
1 - ((-1 - 1) + 2) - (-65 - -1)
65
Calculate 166 + -72 - 52 - 94.
-52
Evaluate 98 - (-12 - -81 - -9).
20
Calculate -3 + 13 - (26 - (-12 + 3 + 27)).
2
(-23 - (81 + (-2 - 21))) + 24
-57
Evaluate 91 + -18 + -1 + -20 + -1.
51
What is the value of (-5 + -10 - -11) + 27 - (2 - 2)?
23
7 + (34 - 20) + -3 + 26
44
What is the value of (10 + -1 - (92 + -83)) + (23 - -55)?
78
Calculate 126 - 160 - (0 + -4) - (-21 + 15).
-24
What is (-65 + 23 + 56 - ((2 - 46) + -1)) + 8?
67
Evaluate -1 - 82 - ((-9 - (19 + (-21 - -11))) + 14).
-79
-20 + -40 + (6 + -8 - -1) + (0 - -3)
-58
Calculate -80 + -27 + 48 - (23 - 1).
-81
(-104 - -189) + -81 + (-1 + -1 - -70)
72
Evaluate -3 - -127 - (-1262 - -1312).
74
What is 91 - (8 + (1 + 1 - (215 - 213)))?
83
-17 + 94 + -55 + 16
38
Calculate -5 - ((-14 - -8) + (5 - 1)) - (15 + -131).
113
(11 - -3) + (-6 - (-45 - -1))
52
Calculate -11 + 43 + -10 - (-69 - -32).
59
Evaluate (-1 - -15) + -48 + 20 + 44 + 27.
57
Evaluate (-37 - (-30 - -51)) + 29.
-29
(0 - (63 - 3) - -3) + 31 + -22
-48
27 + -24 + -1 + 0 + 76 - (345 - 342)
75
Calculate -82 - (49 + -79) - -52.
0
Evaluate -20 + 3 + (5 - 19) - 16 - 7.
-54
What is -7 + (4 - (-12 + -2 + 34))?
-23
Calculate 117 + -14 + -5 + ((12 - 5) + 10 - 4).
111
Calculate -775 + 703 + 26 + 2.
-44
Calculate -21 + (7 + 19 - 28).
-23
Calculate -8865 - -8860 - (-2 + -74 - (-3 + 1)).
69
Calculate (-22 + 36 - 16) + -2 + 8 + 36.
40
Calculate 14 + (-29 - -38 - (-5 - -18)).
10
28 + (-19 + 39 + -28 - -17)
37
Calculate -5 - (4 - -11) - (9 - 18).
-11
(35 - 71) + 59 + 29
52
What is 38 + -142 + 179 + -67?
8
What is the value of -37 - (72 + 64 + -218)?
45
What is -84 + (32 + -75 - -37 - -11)?
-79
What is -261 + 218 - (34 - 29)?
-48
What is (9 + (10 - 12) + -65 - 15) + (16 - 3)?
-60
Evaluate 2 - -90 - (5 - (-5 - -8)) - (-86 + 98).
78
What is -1 + 33 + (0 + -16 - (-45 + 73 + -28))?
16
What is (17 - (-16 + 22) - 1) + -63?
-53
Calculate 8 + (8 - (98 + -44)).
-38
(-22 - -29) + -7 - 13
-13
-30 - (10 + -112 + 28)
44
What is the value of 17 + -30 + 12 + -10 - 58?
-69
What is 7 + 0 + -1 + (-78 - -216) + -109?
35
-15 - -10 - 98 - (12 + (7 - -2 - 12))
-112
What is 23 + 23 + (9 + 17 - 80)?
-8
What is the value of (0 - -84) + (1408 - 1365 - (32 - 2))?
97
Calculate 4 + 6 - 9 - (83 - 56).
-26
Calculate -26 + (24 - -35) - -5.
38
What is 217 + -265 - (-5 - (2 - 5 - -4))?
-42
What is the value of 17 + 1 + -3 - (1 + 12 + 33)?
-31
Evaluate -39 + (-30 - (-32 - (-13 + 145))).
95
Evaluate -69 - ((29 - 21) + -61).
-16
Calculate -13 - (-79 + 80 - (-2 + 9)) - -14.
7
Calculate (12 - 2) + (99 - 122 - (3 + -15 - -1)).
-2
What is -31 - (25 + 1 + (-908 - -885))?
-34
Evaluate 33 + (-28 - -8) + 12 + -47 - -13.
-9
What is 107 - (10 + (-26 + 6 - -11 - -8))?
98
1 + -133 + (-42 - -26 - -61 - 24)
-111
What is the value of 87 + (32 - -1 - 106 - -39)?
53
What is -27 - -66 - 21 - (-10 - (-12 - 132))?
-116
What is the value of -11 + 2 + (11 - (2 + 14 + -14) - 3)?
-3
Calculate 121 + (0 - 113) - 75.
-67
What is 4 - -6 - 17 - -2 - 56?
-61
What is the value of -32 + (-13 - (-87 + 49))?
-7
Calculate -30 + 16 + -4 + -37 + -2.
-57
What is 188 + -178 + -2 + 30 - (3 - 10)?
45
What is (-1 + 66 + -46 - (0 - 1)) + 70?
90
Calculate (-2944 - -2933) + (20 - (2 - 0)) + -1 + -63.
-57
Evaluate 88 + -3 - (2 - (52 - 29)).
106
What is the value of -2 + 11 + -46 - (13 - (2 - 0))?
-48
What is the value of (25 - 120 - -86) + -108?
-117
Evaluate -18 + (175 + -154 - (3 - 2)).
2
5 - 37 - (-19 + 5) - 24
-42
(48 - (37 - 42)) + -24
29
Calculate (81 - 1) + 69 + 70 + -152.
67
Evaluate 2 - 5 - (23 + -22 - (-5 - (4 - 16))).
3
-451 + 369 + (-12 - 0) - (-12 + -3 + 6)
-85
What is -54 + (-23 - (-3 - 42))?
-32
What is the value of -14 - (101 + (113 - 179))?
-49
Evaluate (9 - (-6 - -11)) + (-13 - -15).
6
What is 15 + (11 - 10 - 5) + (11 + -22 - -48)?
48
Calculate 6 - (31 - 10) - 26.
-41
(-110 - -55) + 50 + (-1 - 33)
-39
What is the value of 4 + 5 - (-140 - -163) - (26 + 0)?
-40
-98 - -65 - (-4 - 2)
-27
Calculate (56 - (13 - -25)) + -8 + 15.
25
-59 - ((6 - 17) + -12 + 5 - -13)
-54
Evaluate -3 + 7 + -7 + 42 + -26 + (13 - 1).
25
Evaluate -97 + 122 + (-5 + 4 - (-7 - -11)).
20
What is the value of 38 - 5 - (25 + -13 + 9)?
12
Evaluate -27 + (27 - (-6 + -37)).
43
-1 - (3 + (1 - 11) + -9 + 2 + -5)
18
What is 73 - (17 + -58 + 50 - (1 - (2 - 3)))?
66
3 - ((12 - 4) + -12 - (-12 - -7))
2
Evaluate 25 - (77 - ((26 - 19) + -21)).
-66
What is (2 - 72) + -49 + 14 + 37?
-68
What is the value of -26 - (-72 - -8) - 31 - (41 + 0)?
-34
Evaluate -11935 - -11875 - (-7 + 1 - (0 - -2)).
-52
Calculate (1 - -74) + -2 - (66 - (141 - 86)).
62
Calculate -58 - (-40 + 23 + -6) - 48.
-83
(39 - 57) + 27 - (51 - 0)
-42
Calculate -68 + (-74 - 25 - -159).
-8
Evaluate -105 - -56 - -52 - (0 - -59).
-56
What is 36 + (12 - (0 + -2)) + -4923 + 4900?
27
What is -3 + (5 - 8) - (3 + (-23 - -14)) - 47?
-47
Evaluate -9 + -21 + 104 + -43.
31
What is the value of (37 - (50 + -19)) + -4 + (-2 - -5) + -8?
-3
What is the value of 27 + (39 - 23) - 61?
-18
Calculate 15 - (7 + -3 + 0) - (-45 + 93).
-37
What is the value of 5 - 99 - (-913 + 917)?
-98
(3 - (1 + -2)) + -2 + (-2989 - -3059)
72
Calculate (1 + -15 - -20 - 1) + -22 + -107.
-124
What is 22 - ((1 - 13) + (-23 + 20 - 1 - -18))?
20
What is 3 - 49 - (892 - 941)?
3
Calculate -33 + -75 + 77 - 74.
-105
((15 - 41) + 2 - (3 - -11)) + (2 - 0)
-36
What is (-24 - 172) + 158 - (30 - 3)?
-65
What is the value of (14 + -3 - 48) + -4 + 15?
-26
Calculate -49 + 75 + -33 + -13.
-20
What is the value of -10 + (-1 - -50 - (14 - (16 + (8 - 20))))?
29
-52 + -53 + 182 - 164
-87
What is (49 + 1 - 1) + (-3562 - -3547)?
34
Calculate ((10 - 32) + 34 - (5 + 2)) + -59.
-54
What is (0 - (117 + 0)) + (-176 + 11 - -186)?
-96
What is the value of 10 - 2 - (22 + 30 + -44) - (-5 - -16)?
-11
What is (2 - 1 - (-20 - -58)) + (39 - 22)?
-20
What is the value of 8 - (-76 + 25) - 1?
58
-7 + -39 - (-116 + 35)
35
What is the value of 15 - (113 - (19 - -31))?
-48
What is the value of -8 + (-25 + 2 - (1 - (2 - -9) - 1))?
-20
What is 50 + 0 + -7 + 6 - (184 + -169)?
34
Cal